1 and r?
31
Suppose 924 = 8*p - 4*p. Calculate the highest common divisor of p and 21.
21
Let t = 57 + -27. Let z = 67 - t. Suppose -2*g + z = 3*y, 4*g = -7*y + 2*y + 61. What is the greatest common divisor of 143 and y?
13
Let f be -3 + (-1 + 0 - -6). Calculate the highest common divisor of f and 2.
2
Let a(b) = 96*b**2 - 2*b - 1. Let k be a(2). Let g = 649 - k. What is the greatest common divisor of g and 30?
30
Suppose -u + 1 = -2*u. Let b be (-32)/(-4) + -3 - u. What is the greatest common factor of b and 54?
6
Suppose -r = 2*g - 4*g + 73, 4*g - 161 = -r. Suppose 0*f = f - g. What is the greatest common factor of f and 26?
13
Suppose 2*g = -6*f + f - 58, f - 2*g = -2. Let i be (-201)/(-15) - 6/f. What is the highest common factor of i and 112?
14
Let t be 265/2 + (-2)/4. Let w be (-2)/10 + 128/40. Suppose t = w*j + j. Calculate the highest common divisor of 22 and j.
11
Suppose 2*j - 7*j = -50. Suppose 1 = h - 4. Suppose -h*k + 57 = -93. Calculate the highest common divisor of j and k.
10
Let f be ((-2)/(-4))/((-1)/(-416)). Suppose -18 = -4*l + 2*l + 5*t, 0 = 5*l - t - 22. Suppose -l*a + 2*a = -f. What is the highest common divisor of 13 and a?
13
Let a(p) = p**2 + p - 3. Let q(o) = o**3 - 4*o**2 + 4*o - 4. Let s be q(4). Let t be a(s). Calculate the highest common divisor of 17 and t.
17
Let u(i) = 2*i**3 + i**2 - i. Let r be u(1). Suppose -r*s + 64 + 16 = 0. Calculate the greatest common factor of s and 5.
5
Suppose 2*c - 380 = -3*m - 0*c, -2*c = -3*m + 376. What is the highest common divisor of 14 and m?
14
Suppose 4*g - 3*g - 18 = 0. What is the highest common factor of 2 and g?
2
Let p be -3 + (2 - 2) + 1. Let v be p/4 + 3/6. Suppose v = b + b - 242. What is the highest common divisor of 11 and b?
11
Let g(a) = 2*a + 4. Let l be g(5). Calculate the greatest common factor of 98 and l.
14
Suppose 0 = -4*t - 5 + 13. Suppose 30 = 2*y - t. What is the highest common divisor of 48 and y?
16
Let o = -23 - -33. What is the highest common factor of 70 and o?
10
Suppose -2*s = -4*x + 36, -4*x + 0*x - s + 42 = 0. Let h be 1 + 1/((-2)/(-2)). What is the greatest common divisor of x and h?
2
Suppose -111 = -7*l + 36. What is the highest common factor of 105 and l?
21
Let b = 109 + -64. Let z(l) = -l - 10. Let p(q) = -q - 10. Let s(a) = -3*p(a) + 2*z(a). Let n be s(8). Calculate the highest common divisor of n and b.
9
Let o = 329 - 521. Let p = o - -312. Suppose -5*t + 0*t = -p. Calculate the highest common factor of 3 and t.
3
Suppose 2*s + 12 = -s, 4*t = -5*s - 20. Suppose t*o = 5*o - 175. Suppose -2*f = -j + 3*f + o, -3*j + 4*f = -61. What is the highest common divisor of 165 and j?
15
Suppose 2*g - 58 = 10. Suppose -4*p + 266 = -g. Calculate the highest common factor of p and 15.
15
Let f be 1/(-7) + (-108)/28. Let d = f - -19. What is the greatest common divisor of 3 and d?
3
Let c(t) = t**2 - t - 6. Let i be c(-5). What is the greatest common factor of 12 and i?
12
Let d = 3 + -1. Suppose 5*y = 7 - d. Calculate the highest common factor of 1 and y.
1
Suppose 0 = x + 7*h - 8*h - 31, -3*x - h + 73 = 0. Calculate the highest common factor of x and 65.
13
Let k be (-80)/(-14) + 4/14. Let x = k - 1. Suppose h = -3*t + 17, 3*h - 23 = -5*t + 4*h. Calculate the greatest common divisor of x and t.
5
Let l = -12 - -3. Let k = l + 19. Calculate the highest common factor of k and 90.
10
Suppose 0*r + 2*u = -r + 110, -2*r + 217 = 3*u. Calculate the greatest common factor of r and 13.
13
Let d be -1 - 4/(4/(-33)). Let g = -5 - -9. Calculate the highest common divisor of d and g.
4
Let l be (-3)/((-6)/4) + -1. Let p be (2/4)/(l/22). Let q be -1 + 2 + -1 + 55. Calculate the greatest common factor of q and p.
11
Suppose -4*g = -18 - 2. Suppose -2*p - 4*s = -70, -2*p = -s - 2*s - 70. What is the highest common divisor of g and p?
5
Suppose -d = 3*u - 20, 3*u - 8*u = 5*d - 20. Suppose -3*g = 3*f - u*g - 46, -5*g = -20. Calculate the greatest common divisor of 88 and f.
22
Suppose 16 = 4*m, -843 = -5*y - 2*m - 175. What is the greatest common factor of 33 and y?
33
Let d(y) = y**3 - 3*y**2 + 2*y - 4. Let s be d(4). Calculate the greatest common divisor of 140 and s.
20
Suppose 3*t - 13 - 17 = 0. Let p(x) = -x - 3. Let d be (-38)/6 + (-6)/9. Let q be p(d). What is the greatest common factor of t and q?
2
Let t = 37 - -23. Let l(i) = 2*i**2 + 2*i. Let a be l(2). Calculate the highest common divisor of a and t.
12
Suppose 5*p + 7 = -18. Let m be (-4)/p*(-75)/(-6). What is the highest common divisor of 40 and m?
10
Let d be (-3 - -22) + (6 - 9). Calculate the greatest common factor of 1 and d.
1
Let f = -3 - -8. Calculate the highest common factor of f and 35.
5
Suppose -2*a = -1 - 29. Suppose -l + 3*p + 17 = 0, 10 + a = 3*l + 4*p. Calculate the greatest common divisor of l and 11.
11
Suppose -3*k + 79 = -89. What is the highest common divisor of 14 and k?
14
Suppose -5*q + q = -8. Suppose -16 - 18 = q*l. Let b = -10 - l. Calculate the greatest common factor of 1 and b.
1
Suppose 16 = 4*g, 6*g - 20 = -q + 2*g. Suppose -18 + 2 = -q*s. What is the highest common divisor of 8 and s?
4
Let v be 30/(-50) + 36/10. What is the highest common divisor of 2 and v?
1
Suppose 0*o = -5*o + 120. Let w = -31 + 6. Let f = w - -41. Calculate the highest common factor of o and f.
8
Let n(g) = -g**3 + 6*g**2 + 7*g - 18. Let t be n(4). What is the greatest common factor of t and 14?
14
Suppose 4*z - 77 = 2*t + 179, 5*t = -20. What is the greatest common divisor of z and 31?
31
Suppose -3*v - 62 = 7. Let a = -13 - v. What is the highest common factor of 90 and a?
10
Let t(k) = -k**2 - 5*k - 3. Let j be t(-2). What is the highest common factor of 24 and j?
3
Suppose -7*k + 17 = -18. What is the highest common factor of k and 5?
5
Suppose 4*q - 190 = 2*u, 2*q - 3*u - 136 + 35 = 0. Let w = 136 - 67. Calculate the greatest common divisor of w and q.
23
Let q(w) = -7*w - 1. Let y be q(-1). Let s be ((-9)/y)/((-6)/16). Suppose 0 = -s*c + 46 + 14. What is the greatest common factor of 10 and c?
5
Let w be 13 - (-3 - (3 + -3)). Suppose 0 = 2*j - 35 + 3. What is the highest common factor of j and w?
16
Let v be ((-11)/(-2) - -1)*-4. Let m = 29 + v. What is the highest common factor of m and 1?
1
Let f be 0/(-7) + 5*7. Calculate the highest common factor of 5 and f.
5
Let o = -12 + 23. Let y = 14 + o. Calculate the greatest common factor of y and 10.
5
Let k = -13 - -17. Let a be (-2)/1 - -2 - 0. Suppose a = -3*m - n + 51, 4*n - 23 - 21 = -2*m. Calculate the greatest common factor of m and k.
4
Let i(h) = 4*h**2 + 2*h. Let z be i(-4). Let t be 7/(1 + 0 - 0). Calculate the highest common divisor of z and t.
7
Let m(v) = -v**3 + 9*v**2 + 11*v + 3. Let s(u) = -u**2 - u + 10. Let d be s(0). Let b be m(d). What is the greatest common divisor of b and 26?
13
Let q = -115 - -241. Calculate the highest common factor of q and 14.
14
Let m = 11 + -10. What is the greatest common divisor of 11 and m?
1
Let w = 61 + -37. Let d = 111 + -75. Calculate the highest common factor of w and d.
12
Let d(b) = -152*b**3 + b**2 + b - 13 + 13. Let p be d(-1). What is the greatest common factor of 19 and p?
19
Let t(h) = h**2 - 5. Let c be t(3). Suppose -3*d - 7 = -4*d - c*r, 2*r - 2 = 0. What is the highest common factor of d and 21?
3
Let i be (-22 - 3 - 1)*-1. Calculate the greatest common factor of i and 65.
13
Let m(u) = 8*u**2 + u - 4. Let t be m(-3). Suppose -5*w - 5*j + 70 = 0, -6*j + 4*j = -2. Calculate the greatest common divisor of t and w.
13
Let t = 49 + -19. Calculate the greatest common factor of t and 12.
6
Let p be 1/(129/63 + -2). Let l be (39 - 0)*7/p. Let j = -3 - -42. Calculate the highest common divisor of l and j.
13
Suppose -d = -5*d. Suppose 0 = -5*t + 2*a + 16, -3*t - 3*a + 6 + 12 = d. What is the highest common factor of 4 and t?
4
Let c = -5 + 15. Suppose -5*n = -10, -w + 1 + 0 = -3*n. Suppose 2*p - 17 = -w. What is the greatest common factor of p and c?
5
Let i(t) = t**2 + 7*t + 8. Let v be i(-6). Suppose 18 = 3*h - 3*o - 6, 0 = -3*h + v*o + 22. What is the highest common divisor of 24 and h?
6
Let w(a) = -88*a. Let f be w(-1). Calculate the highest common factor of 8 and f.
8
Suppose 6*s - 2*s + 275 = 5*b, 5*b = s + 290. Let q = b - 39. Calculate the highest common divisor of q and 180